{"id":119,"date":"2025-07-06T16:24:21","date_gmt":"2025-07-06T16:24:21","guid":{"rendered":"https:\/\/lhseguridad.com\/?page_id=119"},"modified":"2025-07-07T15:17:49","modified_gmt":"2025-07-07T15:17:49","slug":"politica-de-tratamiento-de-datos-personales","status":"publish","type":"page","link":"https:\/\/lhseguridad.com\/index.php\/lhseguridad\/politica-de-tratamiento-de-datos-personales\/","title":{"rendered":"POL\u00cdTICA DE TRATAMIENTO DE DATOS PERSONALES"},"content":{"rendered":"<h3 style=\"text-align: justify;\"><b>POL\u00cdTICA DE TRATAMIENTO DE DATOS PERSONALES<\/b><\/h3>\n<p style=\"text-align: justify;\"><b>ACADEMIA LH INVESTIGACIONES Y SEGURIDAD<\/b><\/p>\n<p style=\"text-align: justify;\"><b>Versi\u00f3n:<\/b> 1.0 <b>Fecha de Entrada en Vigor:<\/b> 1 de enero de 2024<\/p>\n<h4 style=\"text-align: justify;\"><b>I. IDENTIFICACI\u00d3N DEL RESPONSABLE DEL TRATAMIENTO<\/b><\/h4>\n<p style=\"text-align: justify;\">La presente pol\u00edtica es adoptada por la <b>ACADEMIA LH INVESTIGACIONES Y SEGURIDAD<\/b> (en adelante \u00abla Academia\u00bb), entidad comprometida con la protecci\u00f3n de la informaci\u00f3n y los datos personales de los titulares con los que interact\u00faa.<\/p>\n<ul style=\"text-align: justify;\">\n<li><b>Raz\u00f3n Social:<\/b> ACADEMIA LH INVESTIGACIONES Y SEGURIDAD<\/li>\n<li><b>NIT:<\/b> 800.079.811-99<\/li>\n<li><b>Oficina Administrativa:<\/b> Carrera 5 # 16-14, Oficina 809, Bogot\u00e1 D.C., Colombia.<\/li>\n<li><b>Centro de Entrenamiento:<\/b> Vereda Canavita, Tocancip\u00e1, Cundinamarca.<\/li>\n<li><b>Tel\u00e9fonos:<\/b> (571) 6963013. \/ 3118271182 \/ 3195843254<\/li>\n<li><b>Correos Electr\u00f3nicos:<\/b> gerencia@lhseguridad.com \/ administrativa@lhseguridad.com<\/li>\n<li><b>Sitio Web:<\/b> <a class=\"ng-star-inserted\" href=\"https:\/\/www.lhseguridad.com\" target=\"_blank\" rel=\"noopener\">www.lhseguridad.com<\/a><\/li>\n<\/ul>\n<h4 style=\"text-align: justify;\"><b>II. MARCO LEGAL<\/b><\/h4>\n<p style=\"text-align: justify;\">Esta pol\u00edtica se desarrolla en cumplimiento de los art\u00edculos 15 y 20 de la Constituci\u00f3n Pol\u00edtica de Colombia, la <b>Ley Estatutaria 1581 de 2012<\/b> \u00abPor la cual se dictan disposiciones generales para la protecci\u00f3n de datos personales\u00bb, el <b>Decreto 1377 de 2013<\/b> y dem\u00e1s normas que las modifiquen, adicionen o complementen.<\/p>\n<h4 style=\"text-align: justify;\"><b>III. \u00c1MBITO DE APLICACI\u00d3N<\/b><\/h4>\n<p style=\"text-align: justify;\">Esta pol\u00edtica aplica para el tratamiento de todos los datos de car\u00e1cter personal que la Academia recolecte, almacene, use, circule o suprima, a trav\u00e9s de sus diferentes canales (presenciales, digitales, telef\u00f3nicos), de:<\/p>\n<ul style=\"text-align: justify;\">\n<li>Aspirantes, estudiantes y egresados.<\/li>\n<li>Docentes, empleados y colaboradores.<\/li>\n<li>Proveedores y contratistas.<\/li>\n<li>Visitantes de nuestras instalaciones y de nuestro sitio web.<\/li>\n<li>Cualquier otra persona natural cuyos datos sean objeto de tratamiento por parte de la Academia.<\/li>\n<\/ul>\n<h4 style=\"text-align: justify;\"><b>IV. DEFINICIONES CLAVE<\/b><\/h4>\n<p style=\"text-align: justify;\">Para efectos de esta pol\u00edtica, se entender\u00e1 por:<\/p>\n<ul style=\"text-align: justify;\">\n<li><b>Autorizaci<span class=\"citation-113\">\u00f3n:<\/span><\/b><span class=\"citation-113 citation-end-113\"> Consentimiento previo, expreso e informado del Titular para llevar a cabo el Tratamiento de datos personales.<\/span><\/li>\n<li><b><span class=\"citation-112\">Dato Personal:<\/span><\/b><span class=\"citation-112\"> Cualquier informaci\u00f3n <\/span><span class=\"citation-111 citation-112 citation-end-112\">vinculada o que pueda asociarse a una o varias personas natura<\/span><span class=\"citation-111 citation-end-111\">les determinadas o determinables.<\/span><\/li>\n<li><b><span class=\"citation-110\">Dato Sensible:<\/span><\/b><span class=\"citation-110 citation-end-110\"> Aquellos que afectan la intimidad del Titular o cuyo uso indebido puede generar su discrimin<\/span>aci\u00f3n (ej. origen racial o \u00e9tnico, datos biom\u00e9tricos, datos relativos a la salud, entre otros).<\/li>\n<li><b>Responsable del Tratamiento:<\/b> La Academia LH INVESTIGACIONES Y SEGURIDAD.<\/li>\n<li><b>Titular:<\/b> Persona natural cuyos datos personales sean objeto de Tratamiento.<\/li>\n<li><b>Tratamiento:<\/b> Cualquier operaci\u00f3n o conjunto de operaciones sobre datos personales, tales como la recolecci\u00f3n, almacenamiento, uso, circulaci\u00f3n o supresi\u00f3n.<\/li>\n<\/ul>\n<h4 style=\"text-align: justify;\"><b>V. PRINCIPIOS RECTORES<\/b><\/h4>\n<p style=\"text-align: justify;\">La Academia aplicar\u00e1 los siguientes principios en el tratamiento de datos personales:<\/p>\n<ul style=\"text-align: justify;\">\n<li><b>Principio de Legalidad:<\/b> El tratamiento de datos se sujetar\u00e1 a lo establecido en la ley.<\/li>\n<li><b>Principio de Finalidad:<\/b> El tratamiento obedecer\u00e1 a una finalidad leg\u00edtima, la cual ser\u00e1 informada al Titular.<\/li>\n<li><b>Principio de Libertad:<\/b> El tratamiento solo puede ejercerse con el consentimiento previo, expreso e informado del Titular.<\/li>\n<li><b>Principio de Veracidad o Calidad:<\/b> La informaci\u00f3n sujeta a tratamiento deber\u00e1 ser veraz, completa, exacta, actualizada y comprensible.<\/li>\n<li><b>Principio de Transparencia:<\/b> Se garantizar\u00e1 el derecho del Titular a obtener informaci\u00f3n sobre sus datos personales en cualquier momento.<\/li>\n<li><b>Principio de Acceso y Circulaci\u00f3n Restringida:<\/b> El tratamiento se sujeta a los l\u00edmites que se derivan de la naturaleza de los datos y de la ley.<\/li>\n<li><b>Principio de Seguridad:<\/b> La informaci\u00f3n se manejar\u00e1 con las medidas t\u00e9cnicas, humanas y administrativas necesarias para otorgar seguridad a los registros.<\/li>\n<li><b>Principio de Confidencialidad:<\/b> Todas las personas que intervengan en el tratamiento de datos personales est\u00e1n obligadas a garantizar la reserva de la informaci\u00f3n.<\/li>\n<\/ul>\n<h4 style=\"text-align: justify;\"><b>VI. FINALIDADES DEL TRATAMIENTO DE DATOS<\/b><\/h4>\n<p style=\"text-align: justify;\">La Academia recolecta datos personales para las siguientes finalidades:<\/p>\n<p style=\"text-align: justify;\"><b>A. Para Aspirantes, Estudiantes y Egresados:<\/b><\/p>\n<ol style=\"text-align: justify;\" start=\"1\">\n<li>Realizar el proceso de inscripci\u00f3n, admisi\u00f3n y matr\u00edcula.<\/li>\n<li>Gestionar toda la informaci\u00f3n acad\u00e9mica, como registro de notas, asistencia y horarios.<\/li>\n<li>Emitir y registrar certificados, diplomas y constancias acad\u00e9micas.<\/li>\n<li>Realizar la validaci\u00f3n de identidad biom\u00e9trica para garantizar la integridad en ex\u00e1menes, cursos y certificaciones, previniendo el fraude por suplantaci\u00f3n.<\/li>\n<li>Gestionar los procesos de facturaci\u00f3n, cartera y cobro por los servicios educativos.<\/li>\n<li>Comunicar informaci\u00f3n institucional, acad\u00e9mica, eventos y noticias de inter\u00e9s.<\/li>\n<li>Cumplir con los requerimientos de informaci\u00f3n de entidades de control como la Superintendencia de Vigilancia y Seguridad Privada y el Ministerio de Educaci\u00f3n.<\/li>\n<li>Realizar encuestas de satisfacci\u00f3n y estudios para el mejoramiento de la calidad educativa.<\/li>\n<li>Mantener contacto con egresados para fines de seguimiento, bolsa de empleo y beneficios.<\/li>\n<\/ol>\n<p style=\"text-align: justify;\"><b>B. Para Empleados, Docentes y Colaboradores:<\/b><\/p>\n<ol style=\"text-align: justify;\" start=\"1\">\n<li>Adelantar procesos de reclutamiento, selecci\u00f3n y contrataci\u00f3n.<\/li>\n<li>Gestionar la relaci\u00f3n laboral, incluyendo pagos de n\u00f3mina, afiliaciones al Sistema de Seguridad Social Integral y evaluaciones de desempe\u00f1o.<\/li>\n<li>Cumplir con las obligaciones en materia de seguridad y salud en el trabajo.<\/li>\n<li>Expedir certificados laborales.<\/li>\n<\/ol>\n<p style=\"text-align: justify;\"><b>C. Para Proveedores y Contratistas:<\/b><\/p>\n<ol style=\"text-align: justify;\" start=\"1\">\n<li>Gestionar el proceso de selecci\u00f3n, evaluaci\u00f3n y adjudicaci\u00f3n de contratos.<\/li>\n<li>Realizar los pagos correspondientes y cumplir con las obligaciones contractuales y tributarias.<\/li>\n<li>Verificar referencias y calidades.<\/li>\n<\/ol>\n<h4 style=\"text-align: justify;\"><b>VII. TRATAMIENTO DE DATOS SENSIBLES<\/b><\/h4>\n<p style=\"text-align: justify;\">La Academia solo realizar\u00e1 el tratamiento de datos sensibles cuando cuente con la autorizaci\u00f3n expl\u00edcita del Titular. Dicho tratamiento se realizar\u00e1 con un cuidado y seguridad reforzados para finalidades como:<\/p>\n<ul style=\"text-align: justify;\">\n<li><b>Datos Biom\u00e9tricos (Reconocimiento Facial):<\/b> Para la validaci\u00f3n inequ\u00edvoca de la identidad del estudiante en actividades acad\u00e9micas cr\u00edticas, seg\u00fan la autorizaci\u00f3n expl\u00edcita otorgada para tal fin.<\/li>\n<li><b>Datos Relativos a la Salud:<\/b> Para valorar la aptitud f\u00edsica de los aspirantes en programas que lo requieran y para la gesti\u00f3n de la seguridad y salud en el trabajo de nuestros colaboradores.<\/li>\n<\/ul>\n<p style=\"text-align: justify;\">El Titular ser\u00e1 informado de que no est\u00e1 obligado a autorizar el tratamiento de sus datos sensibles.<\/p>\n<h4 style=\"text-align: justify;\"><b>VIII. DERECHOS DE LOS TITULARES<\/b><\/h4>\n<p style=\"text-align: justify;\">Como Titular de sus datos personales, usted tiene derecho a: a) <b>Conocer, actualizar y rectificar<\/b> sus datos personales. b) Solicitar <b>prueba de la autorizaci\u00f3n<\/b> otorgada a la Academia. c) Ser informado sobre el <b>uso<\/b> que se le ha dado a sus datos. d) Presentar quejas ante la <b>Superintendencia de Industria y Comercio (SIC)<\/b> por infracciones a la ley. e) <b>Revocar la autorizaci\u00f3n y\/o solicitar la supresi\u00f3n<\/b> de sus datos cuando no se respeten los principios y derechos constitucionales y legales. f) <b>Acceder en forma gratuita<\/b> a sus datos personales que hayan sido objeto de Tratamiento.<\/p>\n<h4 style=\"text-align: justify;\"><b>IX. \u00c1REA RESPONSABLE Y PROCEDIMIENTO PARA EJERCICIO DE DERECHOS<\/b><\/h4>\n<p style=\"text-align: justify;\">El <b>\u00c1rea Administrativa<\/b> de la Academia es la encargada de atender las peticiones, consultas y reclamos (PQR) de los titulares para el ejercicio de sus derechos.<\/p>\n<p style=\"text-align: justify;\"><b>Canales de Atenci\u00f3n:<\/b><\/p>\n<ul style=\"text-align: justify;\">\n<li><b>Correo electr\u00f3nico:<\/b> administrativa@lhseguridad.com<\/li>\n<li><b>Comunicaci\u00f3n escrita en la direcci\u00f3n:<\/b> Carrera 5 # 16-14, Oficina 809, Bogot\u00e1 D.C.<\/li>\n<li><b>Tel\u00e9fonos:<\/b> (601) 3340843 \/ 3118271182<\/li>\n<\/ul>\n<p style=\"text-align: justify;\"><b>Procedimiento:<\/b> Toda solicitud deber\u00e1 contener como m\u00ednimo:<\/p>\n<ol style=\"text-align: justify;\" start=\"1\">\n<li>Nombre completo y n\u00famero de identificaci\u00f3n del Titular.<\/li>\n<li>Descripci\u00f3n clara de la consulta o reclamo.<\/li>\n<li>Datos de contacto para recibir la respuesta (direcci\u00f3n, correo electr\u00f3nico, tel\u00e9fono).<\/li>\n<\/ol>\n<p style=\"text-align: justify;\"><b>Tiempos de Respuesta:<\/b><\/p>\n<ul style=\"text-align: justify;\">\n<li><b>Consultas:<\/b> Ser\u00e1n atendidas en un t\u00e9rmino m\u00e1ximo de diez (10) d\u00edas h\u00e1biles.<\/li>\n<li><b>Reclamos:<\/b> Ser\u00e1n atendidos en un t\u00e9rmino m\u00e1ximo de quince (15) d\u00edas h\u00e1biles. Si no es posible atenderlo en dicho t\u00e9rmino, se informar\u00e1 al interesado los motivos de la demora y la fecha en que se atender\u00e1 su reclamo, la cual no podr\u00e1 superar los ocho (8) d\u00edas h\u00e1biles siguientes al vencimiento del primer t\u00e9rmino.<\/li>\n<\/ul>\n<h4 style=\"text-align: justify;\"><b>X. SEGURIDAD DE LA INFORMACI\u00d3N<\/b><\/h4>\n<p style=\"text-align: justify;\">La Academia ha adoptado las medidas t\u00e9cnicas, humanas y administrativas necesarias y a su alcance para otorgar seguridad a los datos personales, evitando su adulteraci\u00f3n, p\u00e9rdida, consulta, uso o acceso no autorizado o fraudulento.<\/p>\n<h4 style=\"text-align: justify;\"><b>XI. VIGENCIA<\/b><\/h4>\n<p style=\"text-align: justify;\">La presente pol\u00edtica rige a partir de su fecha de publicaci\u00f3n. Las bases de datos que contienen informaci\u00f3n personal se mantendr\u00e1n vigentes durante el tiempo necesario para cumplir con las finalidades para las que fueron creadas y con las obligaciones legales y contractuales que de ellas se derivan.<\/p>\n<p><a href=\"https:\/\/lhseguridad.com\/index.php\/autorizacion-para-el-tratamiento-de-datos-personales-y-biometricos\/\">AUTORIZACI\u00d3N PARA EL TRATAMIENTO DE DATOS PERSONALES Y BIOM\u00c9TRICOS<\/a><\/p>\n","protected":false},"excerpt":{"rendered":"<p>POL\u00cdTICA DE TRATAMIENTO DE DATOS PERSONALES ACADEMIA LH INVESTIGACIONES Y SEGURIDAD Versi\u00f3n: 1.0 Fecha de Entrada en Vigor: 1 de enero de 2024 I. IDENTIFICACI\u00d3N DEL RESPONSABLE DEL TRATAMIENTO La presente pol\u00edtica es adoptada por la ACADEMIA LH INVESTIGACIONES Y SEGURIDAD (en adelante \u00abla Academia\u00bb), entidad comprometida con la protecci\u00f3n de la informaci\u00f3n y los [&hellip;]<\/p>\n","protected":false},"author":1,"featured_media":0,"parent":2,"menu_order":2,"comment_status":"closed","ping_status":"closed","template":"","meta":{"_joinchat":[],"footnotes":""},"class_list":["post-119","page","type-page","status-publish","hentry"],"_links":{"self":[{"href":"https:\/\/lhseguridad.com\/index.php\/wp-json\/wp\/v2\/pages\/119","targetHints":{"allow":["GET"]}}],"collection":[{"href":"https:\/\/lhseguridad.com\/index.php\/wp-json\/wp\/v2\/pages"}],"about":[{"href":"https:\/\/lhseguridad.com\/index.php\/wp-json\/wp\/v2\/types\/page"}],"author":[{"embeddable":true,"href":"https:\/\/lhseguridad.com\/index.php\/wp-json\/wp\/v2\/users\/1"}],"replies":[{"embeddable":true,"href":"https:\/\/lhseguridad.com\/index.php\/wp-json\/wp\/v2\/comments?post=119"}],"version-history":[{"count":6,"href":"https:\/\/lhseguridad.com\/index.php\/wp-json\/wp\/v2\/pages\/119\/revisions"}],"predecessor-version":[{"id":131,"href":"https:\/\/lhseguridad.com\/index.php\/wp-json\/wp\/v2\/pages\/119\/revisions\/131"}],"up":[{"embeddable":true,"href":"https:\/\/lhseguridad.com\/index.php\/wp-json\/wp\/v2\/pages\/2"}],"wp:attachment":[{"href":"https:\/\/lhseguridad.com\/index.php\/wp-json\/wp\/v2\/media?parent=119"}],"curies":[{"name":"wp","href":"https:\/\/api.w.org\/{rel}","templated":true}]}}